{"id":26,"date":"2018-03-23T09:13:33","date_gmt":"2018-03-23T09:13:33","guid":{"rendered":"http:\/\/dbs-c.de\/?page_id=26"},"modified":"2025-11-19T17:55:03","modified_gmt":"2025-11-19T17:55:03","slug":"mithelfen","status":"publish","type":"page","link":"https:\/\/dbs-c.de\/?page_id=26","title":{"rendered":"Spenden und Mithelfen"},"content":{"rendered":"<p>Sie k\u00f6nnen durch vielf\u00e4ltige Formen die Aktivit\u00e4ten und Aufgaben des DON BOSCO Hauses f\u00f6rdern und unterst\u00fctzen.<\/p>\n<p><em>Sprechen Sie uns an \u2013 wir finden Wege.<\/em><\/p>\n<p><img loading=\"lazy\" decoding=\"async\" class=\"alignnone wp-image-20\" src=\"http:\/\/dbs-c.de\/wp-content\/uploads\/2018\/03\/MNO_6453-e1521810199271-300x227.jpg\" alt=\"\" width=\"600\" height=\"453\" srcset=\"https:\/\/dbs-c.de\/wp-content\/uploads\/2018\/03\/MNO_6453-e1521810199271-300x227.jpg 300w, https:\/\/dbs-c.de\/wp-content\/uploads\/2018\/03\/MNO_6453-e1521810199271-600x453.jpg 600w, https:\/\/dbs-c.de\/wp-content\/uploads\/2018\/03\/MNO_6453-e1521810199271-768x580.jpg 768w, https:\/\/dbs-c.de\/wp-content\/uploads\/2018\/03\/MNO_6453-e1521810199271-1024x774.jpg 1024w\" sizes=\"auto, (max-width: 600px) 100vw, 600px\" \/><\/p>\n<h4><span style=\"color: #ffffff;\">.<\/span><\/h4>\n<h3>Zustiftungen<\/h3>\n<p>Durch eine Zustiftung erh\u00e4lt die Stiftung Verm\u00f6genswerte, die in das Grundstockverm\u00f6gen eingehen und die damit wie das aufgrund des Stiftungsgesch\u00e4fts \u00fcbertragene Verm\u00f6gen zu behandeln sind. Die Zustiftung kann mit der Auflage verbunden sein, nur bestimmte, aber nicht alle in der Stiftung aus steuerlicher Sicht genannten Zwecke zu f\u00f6rdern.<\/p>\n<hr \/>\n<h4><span style=\"color: #ffffff;\">.<\/span><\/h4>\n<h3>Spenden<\/h3>\n<p><strong>Geldzuwendungen<\/strong><\/p>\n<ul>\n<li><strong>Geldspenden<\/strong> zur allgemeinen F\u00f6rderung der Belange und Aufgaben des DON BOSCO Hauses k\u00f6nnen als <strong style=\"color: initial;\">\u00dcberweisung<\/strong><span style=\"color: initial;\"> auf das Konto: \u201e<strong>Don Bosco Stiftung Chemnitz \u2013 eine Chance f\u00fcr junge Menschen<\/strong>\u201c; <\/span><strong style=\"color: initial;\">IBAN: DE23 8705 0000 0710 0598 92<\/strong><span style=\"color: initial;\">, BIC: CHEKDE81XXX<\/span><\/li>\n<\/ul>\n<ul>\n<li>oder \u201e<strong>Geschenkspenden<\/strong>\u201c: Geburtstag, Hochzeit, Taufe, Jubil\u00e4um, Weihnachtsfeier \u2013 zu jedem Anlass gibt es Geschenke. Wenn Sie etwas Sinnvolles bekommen oder verschenken m\u00f6chten dann &#8230;<\/li>\n<li>&#8230; <strong>w\u00fcnschen Sie sich etwas Gutes!<\/strong><br \/>Schreiben Sie schon in den Einladungen zu Ihrem Fest oder auf Ihre Wunschliste, dass Sie sich eine Spende zugunsten der DON BOSCO STIFTUNG Chemnitz w\u00fcnschen. Geben Sie auch das Spendenkonto an; wir schicken jedem einzelnen Ihrer Spender eine Spendenquittung zu, sofern die Adresse angegeben wurde. Oder stellen Sie w\u00e4hrend Ihrer Feier eine Spendenbox auf und \u00fcberweisen hinterher alles gesammelt auf das Spendenkonto der Stiftung. Auf Wunsch wird die Spendenquittung dann auf Ihren Namen ausgestellt.<\/li>\n<\/ul>\n<p><strong>&#8222;Patenschaften&#8220; <em>(nicht personengebunden)<\/em><br \/><\/strong><\/p>\n<ul>\n<li><strong>Werden Sie Pate!<\/strong> Mit einer Patenschaft investieren Sie in die Zukunft von Kindern und Jugendlichen, die bisher wenige Chancen haben, gute Lebens- und Berufsperspektiven zu entwickeln.<\/li>\n<li><strong>Paten wissen mehr.<\/strong><br \/>Als Pate erfahren Sie mehr \u00fcber die Projekte, die Sie f\u00f6rdern. Wir erz\u00e4hlen Ihnen gern von den konkreten Erfolgen ihres Engagements, sei es bei besonderen Paten-Galavorstellungen, im pers\u00f6nlichen Gespr\u00e4ch oder im Jahresbericht.<\/li>\n<li><strong>Patenschaften f\u00fcr Privatleute<\/strong><br \/>Als privater Pate engagieren Sie sich dauerhaft und zuverl\u00e4ssig, (zB) 120 Euro j\u00e4hrlich (monatliche und viertelj\u00e4hrliche Abbuchung m\u00f6glich) zu spenden &#8211; nat\u00fcrlich gern auch mehr. Eine Patenschaft ist unbefristet, kann aber jederzeit zur\u00fcckgenommen oder gewechselt werden. Die Patenschaften sind nicht personengebunden.<\/li>\n<li>Die <strong>Einzahlungen<\/strong> der Paten werden insbesondere verwendet f\u00fcr Projekte (\u201eProjektpate\u201c f\u00fcr Kinderklub, Zirkus etc.) oder f\u00fcr bestimmte Ereignisse (\u201eEreignispate\u201c) f\u00fcr Weihnachtsmarkt, Zirkuswoche im Sommer etc.)<\/li>\n<li><strong>Patenschaften f\u00fcr Unternehmen<\/strong><\/li>\n<\/ul>\n<p><em>Lassen Sie uns dar\u00fcber sprechen, wie Sie als Unternehmer nachhaltig sachbezogene Patenschaften \u00fcbernehmen k\u00f6nnen, sei es als Spende oder im Rahmen eines Sponsorings.<\/em><\/p>\n<hr \/>\n<h4><span style=\"color: #ffffff;\">.<\/span><\/h4>\n<h3>gezielte F\u00f6rderung einzelner Aufgaben und Projekte,<\/h3>\n<p><strong>wie zum Beispiel<\/strong><\/p>\n<ul>\n<li>Anschaffung von Ger\u00e4tschaften f\u00fcr den Zirkus<\/li>\n<li>Zusch\u00fcsse f\u00fcr Ausfahrten und Exkursionen<\/li>\n<li>\u2026<\/li>\n<\/ul>\n<hr \/>\n<h4><span style=\"color: #ffffff;\">.<\/span><\/h4>\n<h3>Sachzuwendungen<\/h3>\n<p>M\u00f6chten Sie Sachspenden leisten, sprechen Sie uns bitte an.<\/p>\n<hr \/>\n<h4><span style=\"color: #ffffff;\">.<\/span><\/h4>\n<h2>Steuerliche Behandlung Ihrer Spende<\/h2>\n<p>Ihre Zuwendungen sind bis zu einer H\u00f6he von 20% des Gesamtbetrags der Eink\u00fcnfte (\u00a7 10b Abs. 1 EStG &#8211; Spendenabzug f\u00fcr nat\u00fcrliche Personen), des Einkommens (\u00a7 9 Abs. 1 Satz 1 Nr. 2 KStG &#8211; Spendenabzug f\u00fcr K\u00f6rperschaften) bzw. des Gewinns aus Gewerbebetrieb (\u00a7 9 Nr. 5 GewStG &#8211; Spendenabzug f\u00fcr Gewerbe betreibende Einzelunternehmer, Personengesellschaften bzw. K\u00f6rperschaften) abzugsf\u00e4hig. Bei land- und forstwirtschaftlicher, gewerblicher oder freiberuflicher T\u00e4tigkeit kommt wahlweise der H\u00f6chstbetrag von 4\u2030 der Summe der Ums\u00e4tze und der im Kalenderjahr aufgewendeten L\u00f6hne und Geh\u00e4lter zum Ansatz. \u00dcbersteigen die innerhalb eines Jahres geleisteten Zuwendungen die o.g. H\u00f6chstbetr\u00e4ge, werden die noch nicht ber\u00fccksichtigten Zuwendungen zum Ende des Jahres gesondert festgestellt und k\u00f6nnen in den Folgejahren im Rahmen der jeweiligen H\u00f6chstbetr\u00e4ge abgezogen werden (\u00a7 10b Abs. 1 Satz 9 EStG) \u2013 Rechtsstand: M\u00e4rz 2018<\/p>\n<p>Diese Zuwendungen werden regelm\u00e4\u00dfig zeitnah im Sinne des \u00a7 55 Abs. 1 Nr. 5 AO zu verwenden.<\/p>\n<p><b>Zur Vorlage bei Ihrem Finanzamt erhalten Sie eine Zuwendungsbest\u00e4tigung nach amtlichem Muster.<\/b><\/p>\n<hr \/>\n<h4><span style=\"color: #ffffff;\">.<\/span><\/h4>\n<h2>Sponsoring<\/h2>\n<p>Sprechen Sie uns an, wenn Sie als Unternehmer der Stiftung zur Unterst\u00fctzung ihrer satzungsm\u00e4\u00dfigen Zwecke Geld oder geldwerte Vorteile zukommen lassen und damit auch eigene unternehmensbezogene Ziele der Werbung oder \u00d6ffentlichkeitsarbeit verfolgen (Sponsoring).<\/p>\n\n\n<p><\/p>\n","protected":false},"excerpt":{"rendered":"<p>Sie k\u00f6nnen durch vielf\u00e4ltige Formen die Aktivit\u00e4ten und Aufgaben des DON BOSCO Hauses f\u00f6rdern und unterst\u00fctzen. Sprechen Sie uns an \u2013 wir finden Wege. . Zustiftungen Durch eine Zustiftung erh\u00e4lt die Stiftung Verm\u00f6genswerte, die in das Grundstockverm\u00f6gen eingehen und die damit wie das aufgrund des Stiftungsgesch\u00e4fts \u00fcbertragene Verm\u00f6gen zu behandeln sind. Die Zustiftung kann mit [&hellip;]<\/p>\n","protected":false},"author":1,"featured_media":20,"parent":0,"menu_order":0,"comment_status":"closed","ping_status":"closed","template":"","meta":{"footnotes":""},"class_list":["post-26","page","type-page","status-publish","has-post-thumbnail","czr-hentry"],"_links":{"self":[{"href":"https:\/\/dbs-c.de\/index.php?rest_route=\/wp\/v2\/pages\/26","targetHints":{"allow":["GET"]}}],"collection":[{"href":"https:\/\/dbs-c.de\/index.php?rest_route=\/wp\/v2\/pages"}],"about":[{"href":"https:\/\/dbs-c.de\/index.php?rest_route=\/wp\/v2\/types\/page"}],"author":[{"embeddable":true,"href":"https:\/\/dbs-c.de\/index.php?rest_route=\/wp\/v2\/users\/1"}],"replies":[{"embeddable":true,"href":"https:\/\/dbs-c.de\/index.php?rest_route=%2Fwp%2Fv2%2Fcomments&post=26"}],"version-history":[{"count":30,"href":"https:\/\/dbs-c.de\/index.php?rest_route=\/wp\/v2\/pages\/26\/revisions"}],"predecessor-version":[{"id":946,"href":"https:\/\/dbs-c.de\/index.php?rest_route=\/wp\/v2\/pages\/26\/revisions\/946"}],"wp:featuredmedia":[{"embeddable":true,"href":"https:\/\/dbs-c.de\/index.php?rest_route=\/wp\/v2\/media\/20"}],"wp:attachment":[{"href":"https:\/\/dbs-c.de\/index.php?rest_route=%2Fwp%2Fv2%2Fmedia&parent=26"}],"curies":[{"name":"wp","href":"https:\/\/api.w.org\/{rel}","templated":true}]}}