{"id":362,"date":"2019-08-16T10:32:09","date_gmt":"2019-08-16T10:32:09","guid":{"rendered":"http:\/\/dbs-c.de\/?page_id=362"},"modified":"2020-10-14T17:22:14","modified_gmt":"2020-10-14T17:22:14","slug":"freunde-und-foerderer","status":"publish","type":"page","link":"https:\/\/dbs-c.de\/?page_id=362","title":{"rendered":"Herzlichen Dank!"},"content":{"rendered":"\n<p>Herzlichen Dank allen Freunden und F\u00f6rderern, die mit ihren Spenden, Zustiftungen und ihrer Mithilfe unsere Stiftungst\u00e4tigkeit unterst\u00fctzen.<\/p>\n\n\n\n<p>Wir bedanken uns insbesondere auch f\u00fcr die Unterst\u00fctzung bei:<\/p>\n\n\n\n<figure class=\"wp-block-image size-large is-resized\"><img loading=\"lazy\" decoding=\"async\" src=\"http:\/\/dbs-c.de\/wp-content\/uploads\/2020\/01\/grafik-1-1024x582.png\" alt=\"\" class=\"wp-image-438\" width=\"663\" height=\"376\" srcset=\"https:\/\/dbs-c.de\/wp-content\/uploads\/2020\/01\/grafik-1-1024x582.png 1024w, https:\/\/dbs-c.de\/wp-content\/uploads\/2020\/01\/grafik-1-300x170.png 300w, https:\/\/dbs-c.de\/wp-content\/uploads\/2020\/01\/grafik-1-600x341.png 600w, https:\/\/dbs-c.de\/wp-content\/uploads\/2020\/01\/grafik-1-768x436.png 768w, https:\/\/dbs-c.de\/wp-content\/uploads\/2020\/01\/grafik-1.png 1334w\" sizes=\"auto, (max-width: 663px) 100vw, 663px\" \/><\/figure>\n\n\n\n<p><\/p>\n\n\n\n<p><\/p>\n\n\n\n<p><\/p>\n\n\n\n<p><\/p>\n","protected":false},"excerpt":{"rendered":"<p>Herzlichen Dank allen Freunden und F\u00f6rderern, die mit ihren Spenden, Zustiftungen und ihrer Mithilfe unsere Stiftungst\u00e4tigkeit unterst\u00fctzen. Wir bedanken uns insbesondere auch f\u00fcr die Unterst\u00fctzung bei:<\/p>\n","protected":false},"author":1,"featured_media":0,"parent":0,"menu_order":0,"comment_status":"closed","ping_status":"closed","template":"","meta":{"footnotes":""},"class_list":["post-362","page","type-page","status-publish","czr-hentry"],"_links":{"self":[{"href":"https:\/\/dbs-c.de\/index.php?rest_route=\/wp\/v2\/pages\/362","targetHints":{"allow":["GET"]}}],"collection":[{"href":"https:\/\/dbs-c.de\/index.php?rest_route=\/wp\/v2\/pages"}],"about":[{"href":"https:\/\/dbs-c.de\/index.php?rest_route=\/wp\/v2\/types\/page"}],"author":[{"embeddable":true,"href":"https:\/\/dbs-c.de\/index.php?rest_route=\/wp\/v2\/users\/1"}],"replies":[{"embeddable":true,"href":"https:\/\/dbs-c.de\/index.php?rest_route=%2Fwp%2Fv2%2Fcomments&post=362"}],"version-history":[{"count":30,"href":"https:\/\/dbs-c.de\/index.php?rest_route=\/wp\/v2\/pages\/362\/revisions"}],"predecessor-version":[{"id":440,"href":"https:\/\/dbs-c.de\/index.php?rest_route=\/wp\/v2\/pages\/362\/revisions\/440"}],"wp:attachment":[{"href":"https:\/\/dbs-c.de\/index.php?rest_route=%2Fwp%2Fv2%2Fmedia&parent=362"}],"curies":[{"name":"wp","href":"https:\/\/api.w.org\/{rel}","templated":true}]}}