{"id":366,"date":"2019-08-16T10:36:39","date_gmt":"2019-08-16T10:36:39","guid":{"rendered":"http:\/\/dbs-c.de\/?page_id=366"},"modified":"2022-06-02T11:54:20","modified_gmt":"2022-06-02T11:54:20","slug":"projekte","status":"publish","type":"page","link":"https:\/\/dbs-c.de\/?page_id=366","title":{"rendered":"Aktuelles"},"content":{"rendered":"\n<p>Die zur\u00fcckliegenden Monate brachten besonders schmerzliche Einschnitte in der Zirkusarbeit mit sich. Das Zirkuszelt konnte nicht aufgebaut werden, die p\u00e4dagogische Arbeit musste umstrukturiert werden. Deshalb ist es uns f\u00fcr das Jahr 2022 ein besonderes Anliegen diesen Bereich zu unterst\u00fctzen.<\/p>\n\n\n<div class=\"wp-block-image\">\n<figure class=\"aligncenter size-full\"><a href=\"https:\/\/www.dbh-chemnitz.de\/Arbeitsfelder\/Kinder-und-Jugendzirkus-Birikino\" target=\"_blank\" rel=\"noopener\"><img loading=\"lazy\" decoding=\"async\" width=\"300\" height=\"206\" src=\"http:\/\/dbs-c.de\/wp-content\/uploads\/2018\/03\/zirkus-vorstellung-kl_image300.jpg\" alt=\"Kinder- und Jugendzirkus &quot;Birikino&quot; mehr &gt;&gt;&gt;\" class=\"wp-image-190\"\/><\/a><figcaption>Kinder- und Jugendzirkus &#8222;Birikino&#8220; mehr &gt;&gt;&gt;<\/figcaption><\/figure><\/div>\n\n\n<p><strong>\u201eZirkus mobil\u201c<\/strong>.<br>Verst\u00e4rkt auf Pl\u00e4tzen auf dem Sonnenberg wird <u>Zirkus zum Mitmachen<\/u> angeboten \u2013 spontan und kreativ k\u00f6nnen sich auf diese Weise Kinder und Jugendliche in ihrer h\u00e4uslichen Umgebung bet\u00e4tigen, begegnen, beteiligen.<\/p>\n\n\n\n<p><br><\/p>\n\n\n\n<p><strong>\u201eZirkus im DBH\u201c<\/strong><br>Mit konkreten niedrigschwelligen <strong>zirkusp\u00e4dagogischen Gruppenangeboten<\/strong> werden w\u00f6chentlich Kinder- und Jugendliche im Bereich der ambulanten Hilfen zur Erziehung erreicht. Hinzu kommen <strong>offene Zirkusangebote<\/strong> im Rahmen des Kinderclubs.<\/p>\n\n\n\n<p><br><\/p>\n\n\n\n<p>Projekttage: Jugendbegegnung im Zirkus<\/p>\n\n\n\n<p><br><strong>\u201eJugendtage im Zirkuszelt\u201c<\/strong><br>Dieses neue Angebot hat vor allem Jugendliche im Blick. Projekttage im Zirkuszelt werden Begegnung und Bildung miteinander verbinden. Die technischen Aufgaben rund um <em>den Zirkus<\/em> (z.B. Aufbau des Zeltes, Lichtperformance, Tongestaltung, B\u00fchnenbau) und die zirkusp\u00e4dagogische Arbeit sollen<em> <\/em>den Jugendlichen den Raum geben, einen Sinn f\u00fcr sich und Ihre Lebenssituation in einer Ver\u00e4nderung zu entdecken. Die Kosten (u.a. f\u00fcr Verpflegung, Unterkunft, Fahrten, Honorare, Werkzeuge etc.) werden von der Stiftung getragen.<\/p>\n\n\n\n<p><\/p>\n\n\n\n<p><br><strong>Bildung Ist Mehr<\/strong><\/p>\n\n\n\n<p>Gef\u00f6rdert werden gestalterische\/k\u00fcnstlerische\/musikalische Kreativ &#8211; Angebote f\u00fcr&nbsp; Kinder und Jugendliche; wir \u00fcbernehmen die Finanzierung der Dozenten \/ K\u00fcnstler.<\/p>\n\n\n\n<div style=\"height:68px\" aria-hidden=\"true\" class=\"wp-block-spacer\"><\/div>\n\n\n\n<p><strong>Theatertag<\/strong><\/p>\n\n\n\n<p>Im Rahmen der Schulsozialarbeit finanzieren wir Auff\u00fchrungen des Urania-Puppentheaters im Pestalozzi-Lernf\u00f6rderzentrum (Sonnenberg)<\/p>\n\n\n\n<p><em>&gt;<\/em> Im Bienenst\u00fcck <em><strong>\u201eRettet Mortimer!\u201c<\/strong> <\/em>wird auf gewohnt kindgerechte Weise anhand einer kleinen Detektivgeschichte erkl\u00e4rt, welche Rolle die flei\u00dfigen Honigsammlerinnen in unserem \u00d6kosystem haben und wie der Mensch dieses beeinflusst.&#8220;<\/p>\n\n\n\n<p><em>&gt;<strong>\u201cAli, du hast die Tr\u00fcffel gemopst!\u201d<\/strong><\/em><\/p>\n\n\n\n<p>Thematisiert wird der Umgang mit Vorurteilen, Fremdsein und Meinungsfreiheit und l\u00e4sst die kleinen Zuschauer in Form einer freien Wahl Demokratie live erleben.<\/p>\n\n\n\n<p>Diese Auff\u00fchrung wurde im Februar 2019 von der Initiative \u201eChemnitz ist weder grau noch braun\u201c mit einer Ideenf\u00f6rderung ausgezeichnet.&#8220;<\/p>\n","protected":false},"excerpt":{"rendered":"<p>Die zur\u00fcckliegenden Monate brachten besonders schmerzliche Einschnitte in der Zirkusarbeit mit sich. Das Zirkuszelt konnte nicht aufgebaut werden, die p\u00e4dagogische Arbeit musste umstrukturiert werden. Deshalb ist es uns f\u00fcr das Jahr 2022 ein besonderes Anliegen diesen Bereich zu unterst\u00fctzen. \u201eZirkus mobil\u201c.Verst\u00e4rkt auf Pl\u00e4tzen auf dem Sonnenberg wird Zirkus zum Mitmachen angeboten \u2013 spontan und kreativ [&hellip;]<\/p>\n","protected":false},"author":1,"featured_media":590,"parent":0,"menu_order":0,"comment_status":"closed","ping_status":"closed","template":"","meta":{"footnotes":""},"class_list":["post-366","page","type-page","status-publish","has-post-thumbnail","czr-hentry"],"_links":{"self":[{"href":"https:\/\/dbs-c.de\/index.php?rest_route=\/wp\/v2\/pages\/366","targetHints":{"allow":["GET"]}}],"collection":[{"href":"https:\/\/dbs-c.de\/index.php?rest_route=\/wp\/v2\/pages"}],"about":[{"href":"https:\/\/dbs-c.de\/index.php?rest_route=\/wp\/v2\/types\/page"}],"author":[{"embeddable":true,"href":"https:\/\/dbs-c.de\/index.php?rest_route=\/wp\/v2\/users\/1"}],"replies":[{"embeddable":true,"href":"https:\/\/dbs-c.de\/index.php?rest_route=%2Fwp%2Fv2%2Fcomments&post=366"}],"version-history":[{"count":145,"href":"https:\/\/dbs-c.de\/index.php?rest_route=\/wp\/v2\/pages\/366\/revisions"}],"predecessor-version":[{"id":865,"href":"https:\/\/dbs-c.de\/index.php?rest_route=\/wp\/v2\/pages\/366\/revisions\/865"}],"wp:featuredmedia":[{"embeddable":true,"href":"https:\/\/dbs-c.de\/index.php?rest_route=\/wp\/v2\/media\/590"}],"wp:attachment":[{"href":"https:\/\/dbs-c.de\/index.php?rest_route=%2Fwp%2Fv2%2Fmedia&parent=366"}],"curies":[{"name":"wp","href":"https:\/\/api.w.org\/{rel}","templated":true}]}}